y 689?
605
What is the remainder when 326631 is divided by 325833?
798
What is the remainder when 29989021 is divided by 16?
13
Calculate the remainder when 145234 is divided by 341.
309
Calculate the remainder when 462756 is divided by 13221.
21
What is the remainder when 184557598 is divided by 900?
898
Calculate the remainder when 2897481 is divided by 413893.
230
Calculate the remainder when 46430 is divided by 3116.
2806
What is the remainder when 228164 is divided by 56813?
912
Calculate the remainder when 2877021 is divided by 105.
21
What is the remainder when 54229103 is divided by 18?
17
Calculate the remainder when 78681 is divided by 345.
21
What is the remainder when 7167903 is divided by 79?
75
Calculate the remainder when 3095597 is divided by 89.
88
Calculate the remainder when 783322 is divided by 2703.
2155
Calculate the remainder when 25513201 is divided by 332.
329
Calculate the remainder when 64798 is divided by 2196.
1114
Calculate the remainder when 311446 is divided by 4943.
37
What is the remainder when 50632 is divided by 25262?
108
Calculate the remainder when 1812902 is divided by 1812874.
28
Calculate the remainder when 15160840 is divided by 3032166.
10
Calculate the remainder when 262164795 is divided by 4538.
4535
Calculate the remainder when 628244 is divided by 69755.
449
Calculate the remainder when 1518254 is divided by 465.
29
What is the remainder when 219886 is divided by 6277?
191
What is the remainder when 2294860 is divided by 5799?
4255
Calculate the remainder when 5281760 is divided by 322.
316
What is the remainder when 24844 is divided by 3119?
3011
Calculate the remainder when 11073995 is divided by 32475.
20
What is the remainder when 64396292 is divided by 324?
320
Calculate the remainder when 5810312 is divided by 207511.
4
What is the remainder when 2726381 is divided by 31337?
62
What is the remainder when 161051994 is divided by 1500?
1494
What is the remainder when 36865374 is divided by 101?
71
What is the remainder when 62407 is divided by 4882?
3823
Calculate the remainder when 168467 is divided by 819.
572
What is the remainder when 973136585 is divided by 3533?
3532
What is the remainder when 103335187 is divided by 33?
10
What is the remainder when 544172 is divided by 535?
77
What is the remainder when 805165 is divided by 395?
155
What is the remainder when 608131 is divided by 2269?
39
What is the remainder when 52668 is divided by 8310?
2808
What is the remainder when 50553 is divided by 50514?
39
What is the remainder when 321948 is divided by 64357?
163
What is the remainder when 30142911 is divided by 10047627?
30
What is the remainder when 782531 is divided by 11175?
281
What is the remainder when 1709694359 is divided by 132?
131
Calculate the remainder when 30832429 is divided by 3455.
9
Calculate the remainder when 20526 is divided by 6816.
78
What is the remainder when 1497859 is divided by 40?
19
Calculate the remainder when 585304 is divided by 6034.
6
Calculate the remainder when 3426217 is divided by 41.
11
What is the remainder when 58403 is divided by 1311?
719
What is the remainder when 14358028 is divided by 326?
10
Calculate the remainder when 112404 is divided by 36827.
1923
Calculate the remainder when 5313460 is divided by 5313429.
31
What is the remainder when 10328065 is divided by 519?
484
Calculate the remainder when 235703 is divided by 58922.
15
What is the remainder when 50329071 is divided by 1432?
1431
What is the remainder when 358264 is divided by 39562?
2206
What is the remainder when 355350 is divided by 1054?
152
What is the remainder when 42163188 is divided by 1561598?
42
Calculate the remainder when 590096 is divided by 1419.
1211
What is the remainder when 152277 is divided by 6099?
5901
Calculate the remainder when 3241520 is divided by 3493.
16
Calculate the remainder when 1712257 is divided by 1018.
999
Calculate the remainder when 7945801 is divided by 10455.
1
What is the remainder when 25817 is divided by 1878?
1403
What is the remainder when 53895298 is divided by 99?
94
What is the remainder when 691676 is divided by 172555?
1456
Calculate the remainder when 3185958 is divided by 526.
502
What is the remainder when 37817 is divided by 18117?
1583
Calculate the remainder when 81200 is divided by 9021.
11
What is the remainder when 216501 is divided by 77?
54
Calculate the remainder when 803072 is divided by 1479.
1454
What is the remainder when 289479 is divided by 440?
399
Calculate the remainder when 7483756 is divided by 60.
16
Calculate the remainder when 198887729 is divided by 5.
4
Calculate the remainder when 4682 is divided by 363.
326
What is the remainder when 273633359 is divided by 1144?
1143
Calculate the remainder when 218431 is divided by 1530.
1171
What is the remainder when 65887 is divided by 15?
7
What is the remainder when 498083 is divided by 165991?
110
Calculate the remainder when 248408405 is divided by 47.
10
Calculate the remainder when 477971 is divided by 1919.
140
What is the remainder when 184215462 is divided by 15?
12
What is the remainder when 23671706 is divided by 23391?
14
What is the remainder when 1030976 is divided by 3202?
3134
Calculate the remainder when 9181351 is divided by 86.
77
What is the remainder when 23977 is divided by 149?
137
What is the remainder when 144693 is divided by 2448?
261
Calculate the remainder when 64241 is divided by 5236.
1409
What is the remainder when 828142 is divided by 20193?
229
Calculate the remainder when 599948 is divided by 729.
710
What is the remainder when 7142485 is divided by 250?
235
Calculate the remainder when 18460777 is divided by 271481.
69
Calculate the remainder when 2187886 is divided by 273484.
14
Calculate the remainder when 3494035 is divided by 3494030.
5
Calculate the remainder when 131506 is divided by 1667.
1480
Calculate the remainder when 4050671 is divided by 139667.
328
Calculate the remainder when 791211 is divided by 4495.
91
What is the remainder when 1100242 is divided by 102?
70
Calculate the remainder when 1204478 is divided by 2348.
2302
Calculate the remainder when 53442742 is divided by 24.
22
Calculate the remainder when 13168398 is divided by 306.
300
What is the remainder when 935613 is divided by 186961?
808
What is the remainder when 225187 is divided by 225011?
176
What is the remainder when 993221 is divided by 213?
2
What is the remainder when 51284710 is divided by 2849150?
10
What is the remainder when 189512 is divided by 1271?
133
Calculate the remainder when 1823118 is divided by 13699.
1151
Calculate the remainder when 6773054 is divided by 4.
2
Calculate the remainder when 224853 is divided by 265.
133
Calculate the remainder when 135785727 is divided by 23247.
0
Calculate the remainder when 150295 is divided by 150192.
103
What is the remainder when 21598126 is divided by 8041?
0
Calculate the remainder when 23576910 is divided by 11.
5
What is the remainder when 1942911 is divided by 485644?
335
What is the remainder when 187690 is divided by 89?
78
What is the remainder when 24214 is divided by 8062?
28
What is the remainder when 17966932 is divided by 1283351?
18
What is the remainder when 7272429 is divided by 19762?
13
Calculate the remainder when 67971 is divided by 22463.
582
What is the remainder when 5585464 is divided by 562?
308
What is the remainder when 395714 is divided by 15809?
489
What is the remainder when 997891 is divided by 45358?
15
What is the remainder when 82590 is divided by 19552?
4382
Calculate the remainder when 955189 is divided by 160.
149
What is the remainder when 532090 is divided by 35368?
1570
What is the remainder when 44663 is divided by 2621?
106
Calculate the remainder when 822892 is divided by 274296.
4
What is the remainder when 1838619 is divided by 5893?
3
What is the remainder when 167926 is divided by 5416?
30
Calculate the remainder when 5152274 is divided by 85.
84
What is the remainder when 453490 is divided by 746?
668
What is the remainder when 13067878 is divided by 229?
222
What is the remainder when 92968 is divided by 243?
142
Calculate the remainder when 2218397 is divided by 672.
125
Calculate the remainder when 177496 is divided by 59139.
79
Calcul